 thousands digit of o?
2
Suppose 2*c - 3 = 5. Suppose -d = -5*l - 140, -2*d + c*d - 3*l = 294. What is the units digit of d?
0
Suppose -4*d - 13 - 3 = 0. Let l(n) = -n + 1. Let j be l(d). Suppose 71 = j*k - 9. What is the units digit of k?
6
Let t be (-2 + 2 - -1) + -4 + 8. Suppose l + 3*j + 377 = 5*l, -169 = -2*l - t*j. What is the units digit of l?
2
Let b(y) = 7*y + 43. What is the units digit of b(8)?
9
Let l = 425 - -1342. What is the tens digit of l?
6
Suppose 8*f + 1 = 33. Suppose 4*x + 1219 = 5*n, 5*n + 0*n - 1211 = -f*x. What is the tens digit of n?
4
Suppose -s + 5*d = -5, 4*s - d = 51 + 26. Let v = s + -15. Suppose 5*r + 16 + 4 = i, 3*r = -v*i + 100. What is the units digit of i?
0
Let a(c) = -c**3 + 7*c**2 + 6*c - 4. Let p(s) = -s**3 - 2*s**2 + s - 1. Let y be p(-3). What is the tens digit of a(y)?
7
Suppose 3*i = 2*t + 2*i - 3, -5*t = -3*i - 7. Suppose t*s + 6 = 14. Suppose -4*d + 33 - 113 = -2*b, 0 = -s*b + 2*d + 130. What is the units digit of b?
0
Let p be (-4)/(-40)*5 - 3/(-2). Suppose 0 = -p*l + 2*v + 14 - 0, 0 = v - 5. What is the tens digit of l?
1
Let u(c) = c**3 - 7*c**2 + 4. Let o be u(7). Suppose -o*i + 195 = i. Suppose 33 = 4*b - i. What is the units digit of b?
8
Let l = 66 - 35. Let g = -18 + l. What is the units digit of g?
3
Suppose -1620 = -23*y + 3601. What is the units digit of y?
7
Let s(c) = -c**3 + 5*c**2 + 7*c + 4. Let b be s(6). Let j = 13 - -6. Let p = j - b. What is the units digit of p?
9
Let b(i) = 24*i**3 - 5*i**2 - 4*i + 3. What is the hundreds digit of b(5)?
8
Suppose -4*n + 5*n - 4*a = 2249, 4*n + 3*a = 9091. What is the units digit of n?
9
Suppose 3*h - 3 = -5*f, 2*f - 6*f - 4 = 4*h. What is the units digit of 19/((-1)/h*2)?
8
Let j(f) = -f**3 + 14*f**2 + 6*f + 11. Let i be 3 - (-2 + 3)/((-2)/22). What is the units digit of j(i)?
5
Let o = 26 + -60. Let d = o - -81. What is the tens digit of d?
4
Let r = 3937 + -1531. What is the tens digit of r?
0
Suppose 6 = 2*s - 2. Suppose s*q = 2*q + 4. Suppose q*j + 83 = 3*h, -2*j = 4*h - 0*h - 134. What is the tens digit of h?
3
What is the thousands digit of (19/(475/5670))/(2/10)?
1
Let a(t) = -t - 5. Let u be a(5). Let z = u + 10. Let o = z + 10. What is the units digit of o?
0
What is the units digit of (70/(-56))/(2/(-952))?
5
Let i(a) = -6*a**3 - 7*a**2 - 47*a - 4. What is the units digit of i(-5)?
6
Let a(p) = -p**3 - 5*p**2 + 8*p - 2. Let m be a(-7). Let n = m + 42. What is the units digit of n?
2
Let n(x) = -x**3 - x**2 - 2*x - 3. Let t be n(-2). Suppose t*q + 2 + 8 = 0. What is the units digit of (0 - q)*18/4?
9
Let n be (-2064)/(-12)*(-2)/(-4). Suppose 371 = 3*p + n. What is the units digit of p?
5
Suppose 0 = -3*i - 0*i + 48. Suppose -i = -4*y - 3*x, -4*x + 10 + 6 = 0. What is the tens digit of (8 - y)*(-1 - -8)?
4
Let o = -82 + 87. Suppose -o*s - 185 = -565. What is the tens digit of s?
7
Let x = -174 + 183. Let s(c) = 2*c**3 + 11*c**2 + 9*c - 4. Let o(w) = -3*w**3 - 21*w**2 - 18*w + 8. Let l(y) = 3*o(y) + 5*s(y). What is the units digit of l(x)?
4
Suppose -131 = -p + 5*w, -5*w + 86 = 4*p - 538. What is the units digit of p?
1
Let i(k) be the second derivative of -14*k - 1/20*k**5 - 2*k**2 + 0 - 5/12*k**4 - k**3. What is the units digit of i(-5)?
6
Suppose 3 = a - 1. Suppose a*h + 5*x - 6*x - 116 = 0, 44 = 2*h + 3*x. What is the tens digit of h?
2
What is the tens digit of 1193/((-3 + 7)/12*1)?
7
Suppose 1 = 2*j - 5, 5*i = j + 132. Let h = -15 - i. Let s = -23 - h. What is the units digit of s?
9
Let b(w) = -70*w - 72. What is the units digit of b(-10)?
8
What is the tens digit of ((-3101)/(-30) + (-14)/(-105))*6?
2
Let p(a) = -a**3 - 12*a - 9. Let n be p(6). Let h = n - -449. What is the tens digit of h?
5
Suppose -19842 = -5*z - h + 5*h, -3*z + 11902 = -4*h. What is the thousands digit of z?
3
Let s = 5 + -21. What is the units digit of (-42)/(3 - (-60)/s)?
6
Suppose 0*h + h + 3 = 0. Let c = -303 + 307. What is the units digit of (-42)/h - (4 - c)?
4
Suppose -q + k = -4, -q - 2*q = 3*k + 12. Let r(y) = 7*y**2 + y + 15. Let p(c) = c**2. Let o(g) = -6*p(g) + r(g). What is the units digit of o(q)?
5
Suppose 0 = -6*n + 10 + 2. What is the hundreds digit of (-35)/14 + 1/n + 125?
1
Let d(m) = 3*m + 14. Let l be d(-4). Suppose s - l*c = 27, -4*s + 108 = 5*c - c. What is the units digit of s?
7
Suppose 3910 = -0*d + 4*d - g, 2*d - 2*g = 1952. What is the units digit of d?
8
Let b = 855 + -476. What is the tens digit of b?
7
Let a(r) = -34*r - 4. Suppose n - 2*n - 2*w + 4 = 0, -10 = -n - 4*w. What is the tens digit of a(n)?
6
Let l(b) = 284*b - 56. What is the tens digit of l(2)?
1
Let p(f) = -4*f**3 + f**2 + f - 1. Let d be p(1). Let a be -1 + (-18*1)/d. Suppose -3*n + 2*k = -0*k - 114, -a*n + 185 = -5*k. What is the units digit of n?
0
Suppose 4*l + 0*l = 56. Let q = -180 - -192. Let a = l - q. What is the units digit of a?
2
Suppose 11*a = 9*a - 5*t + 2041, -4*a + 4107 = 5*t. What is the hundreds digit of a?
0
Let z be 1 + -4 - (-277 - 6). Suppose 2*d + 108 - z = 0. Let w = 148 - d. What is the units digit of w?
2
Suppose 5*r + 93 = 403. Suppose 3*f = 43 + r. What is the tens digit of f?
3
Let i(p) = -127*p**2 - 4*p + 3. Let m be i(1). Let t = m + 247. What is the units digit of t?
9
Suppose -6*h = -9*h + 69. Let f = -26 + h. What is the units digit of 3 + f/((-12)/200)?
3
Let r(w) = 3*w - 2. Let u be r(14). Suppose u = 2*c + b - 147, b - 1 = 0. What is the tens digit of c?
9
Let d be 4 + -4*(4 - 3). Suppose -4*m + d*m = -144. What is the tens digit of m?
3
What is the hundreds digit of (-7)/5 - (-190820)/175?
0
Let u(a) = -a - 3. Let s be u(-7). What is the tens digit of 1*-2 - (-280)/s?
6
Suppose 0*m - 2*m = 8. Let n be (11/m)/(3/(-132)). Suppose -5*t + n = o, 0*t + 5*t + 5*o = 105. What is the units digit of t?
5
Let q(f) be the third derivative of 1/24*f**4 + 5/2*f**3 - 4*f**2 + 0*f + 0. What is the units digit of q(-8)?
7
Let u = 1921 + -1172. Suppose -u - 582 = -11*t. What is the hundreds digit of t?
1
Let l(r) = -r**3 - 7*r**2 - 13*r - 12. Let v be l(-5). Suppose 347 = 5*n - y, -v*y + 76 = n - y. What is the units digit of n?
0
Let q(m) be the second derivative of -8*m**3/3 - m**2/2 - 5*m. Let v be q(-2). Suppose -4*p = -v - 109. What is the units digit of p?
5
What is the hundreds digit of 441 + -29 + 1 + -9?
4
Let n = 507 + -267. Suppose 28*d + n = 33*d. What is the units digit of d?
8
Let v = -142 - -204. Let j = 128 - v. What is the units digit of j?
6
Suppose 0 = -5*n + 5, -5*n - 84 - 40 = 3*o. Let r = o + 75. What is the units digit of r?
2
Let r = 8 - -132. What is the units digit of r?
0
Let f = 406 - 9. What is the units digit of f?
7
Let l be 3*(-1)/((-3)/2). Let b be ((-18)/(-10))/((-6)/(-20)) + -1. Suppose -l*k = 0, -b*g + 4*k + 25 = -95. What is the tens digit of g?
2
Let q(g) = g**2 - 5*g + 7. Let v be q(7). Suppose -2*j + r + 2*r = -v, 3*j + 3*r - 9 = 0. Suppose -j*y + 324 = -0*y. What is the units digit of y?
4
Let l be -3 + 1/1 - 11. Let w = 13 + l. What is the tens digit of (-25)/(w - (0 - -1))?
2
Suppose -4*w = -n + 846, 4*w + 0*w + 4166 = 5*n. What is the hundreds digit of n?
8
Let f be 2 - 260/(-4) - 4. Let h = f + 11. What is the tens digit of h?
7
Let y(s) = 3*s**2 + 18*s - 207. What is the tens digit of y(16)?
4
Let z(u) = 6*u**2 - 30*u - 3. What is the units digit of z(7)?
1
Suppose 18*t + 11476 = 61570. What is the units digit of t?
3
Suppose -2672 - 16708 = -10*w. What is the thousands digit of w?
1
Suppose -w = 4*h + 13, -5*w - 11 = -h - 30. Suppose 16 = 2*q + 2*x, 8 = 2*q + x - w. Suppose q*s + 6 = 0, y + y = 5*s + 42. What is the tens digit of y?
1
Let j be 1 - 28*20/8. Let r = 111 + j. What is the tens digit of r?
4
Let c = -213 + 270. What is the units digit of c?
7
Suppose -3*b - 54 = 3*b. Let y be 2*((-1692)/8)/b. Let a = 74 - y. What is the units digit of a?
7
Let h(n) = -n**2 - 8*n - 8. Let m be h(-6). Suppose 6*g - 3*g - b - 12 = 0, 0 = -g - 3*b + m. What is the units digit of 10*1/5*g?
8
Let y(b) = -b**2 + 5*b - 1. Let t be y(2). Suppose -2*n = -119 - t. What is the units digit of n?
2
Let g = -553 - -754. What is the hundreds digit of g?
2
Suppose 0 = -2*s - 4*s - 132. What is the tens digit of 16841/121 + 4/s?
3
Let a be -8 + (-12)/(-3) - -244. Suppose -6*l + a = -l. What is the tens digit of l?
4
